the remainder when 1767 is divided by 15?
12
Calculate the remainder when 1303 is divided by 325.
3
What is the remainder when 471 is divided by 188?
95
What is the remainder when 220 is divided by 25?
20
Calculate the remainder when 120 is divided by 11.
10
What is the remainder when 82 is divided by 37?
8
What is the remainder when 628 is divided by 208?
4
Calculate the remainder when 1137 is divided by 76.
73
Calculate the remainder when 5 is divided by 3.
2
Calculate the remainder when 102 is divided by 67.
35
Calculate the remainder when 1519 is divided by 40.
39
What is the remainder when 1023 is divided by 38?
35
What is the remainder when 1654 is divided by 205?
14
What is the remainder when 65 is divided by 10?
5
Calculate the remainder when 1033 is divided by 61.
57
Calculate the remainder when 121 is divided by 26.
17
Calculate the remainder when 16901 is divided by 54.
53
Calculate the remainder when 446 is divided by 143.
17
What is the remainder when 2725 is divided by 124?
121
Calculate the remainder when 6867 is divided by 30.
27
Calculate the remainder when 367 is divided by 74.
71
What is the remainder when 16 is divided by 3?
1
Calculate the remainder when 32 is divided by 24.
8
What is the remainder when 19 is divided by 13?
6
What is the remainder when 75 is divided by 34?
7
Calculate the remainder when 7521 is divided by 22.
19
Calculate the remainder when 995 is divided by 6.
5
What is the remainder when 518 is divided by 246?
26
Calculate the remainder when 5319 is divided by 40.
39
Calculate the remainder when 87 is divided by 40.
7
Calculate the remainder when 305 is divided by 4.
1
Calculate the remainder when 1971 is divided by 26.
21
Calculate the remainder when 2912 is divided by 62.
60
Calculate the remainder when 1411 is divided by 701.
9
What is the remainder when 177 is divided by 28?
9
Calculate the remainder when 132 is divided by 45.
42
What is the remainder when 354 is divided by 79?
38
What is the remainder when 343 is divided by 330?
13
Calculate the remainder when 243 is divided by 24.
3
Calculate the remainder when 343 is divided by 228.
115
What is the remainder when 898 is divided by 75?
73
What is the remainder when 127 is divided by 33?
28
Calculate the remainder when 233 is divided by 224.
9
What is the remainder when 397 is divided by 25?
22
What is the remainder when 357 is divided by 4?
1
What is the remainder when 94 is divided by 26?
16
Calculate the remainder when 249 is divided by 50.
49
Calculate the remainder when 4080 is divided by 313.
11
Calculate the remainder when 258 is divided by 6.
0
Calculate the remainder when 746 is divided by 111.
80
What is the remainder when 10761 is divided by 276?
273
Calculate the remainder when 457 is divided by 226.
5
What is the remainder when 46 is divided by 7?
4
What is the remainder when 1011 is divided by 479?
53
Calculate the remainder when 188 is divided by 27.
26
Calculate the remainder when 524 is divided by 18.
2
Calculate the remainder when 1314 is divided by 376.
186
Calculate the remainder when 4311 is divided by 7.
6
What is the remainder when 340 is divided by 114?
112
What is the remainder when 127 is divided by 27?
19
Calculate the remainder when 334 is divided by 26.
22
Calculate the remainder when 2450 is divided by 271.
11
What is the remainder when 70 is divided by 22?
4
Calculate the remainder when 1457 is divided by 9.
8
Calculate the remainder when 4811 is divided by 53.
41
What is the remainder when 2249 is divided by 10?
9
Calculate the remainder when 796 is divided by 55.
26
Calculate the remainder when 304 is divided by 120.
64
What is the remainder when 521 is divided by 130?
1
Calculate the remainder when 383 is divided by 26.
19
Calculate the remainder when 694 is divided by 226.
16
What is the remainder when 817 is divided by 63?
61
What is the remainder when 583 is divided by 16?
7
Calculate the remainder when 1168 is divided by 578.
12
What is the remainder when 2786 is divided by 61?
41
Calculate the remainder when 75 is divided by 21.
12
What is the remainder when 132 is divided by 23?
17
Calculate the remainder when 29 is divided by 8.
5
Calculate the remainder when 11491 is divided by 19.
15
Calculate the remainder when 3304 is divided by 114.
112
Calculate the remainder when 3454 is divided by 8.
6
What is the remainder when 9445 is divided by 34?
27
Calculate the remainder when 505 is divided by 13.
11
Calculate the remainder when 120 is divided by 28.
8
What is the remainder when 131 is divided by 41?
8
What is the remainder when 218 is divided by 55?
53
What is the remainder when 2729 is divided by 4?
1
Calculate the remainder when 5881 is divided by 17.
16
What is the remainder when 868 is divided by 21?
7
Calculate the remainder when 125 is divided by 7.
6
What is the remainder when 1854 is divided by 696?
462
What is the remainder when 97 is divided by 27?
16
What is the remainder when 582 is divided by 289?
4
What is the remainder when 10949 is divided by 74?
71
What is the remainder when 292 is divided by 33?
28
What is the remainder when 642 is divided by 34?
30
Calculate the remainder when 2697 is divided by 10.
7
What is the remainder when 874 is divided by 95?
19
Calculate the remainder when 481 is divided by 43.
8
What is the remainder when 693 is divided by 346?
1
Calculate the remainder when 2267 is divided by 287.
258
Calculate the remainder when 307 is divided by 53.
42
Calculate the remainder when 229 is divided by 83.
63
Calculate the remainder when 177 is divided by 4.
1
What is the remainder when 304 is divided by 105?
94
Calculate the remainder when 97 is divided by 7.
6
What is the remainder when 108 is divided by 16?
12
Calculate the remainder when 1063 is divided by 530.
3
Calculate the remainder when 56 is divided by 9.
2
What is the remainder when 81 is divided by 30?
21
Calculate the remainder when 138 is divided by 3.
0
What is the remainder when 416 is divided by 84?
80
What is the remainder when 87 is divided by 85?
2
Calculate the remainder when 59 is divided by 20.
19
What is the remainder when 3092 is divided by 14?
12
Calculate the remainder when 1257 is divided by 34.
33
What is the remainder when 375 is divided by 24?
15
What is the remainder when 10696 is divided by 13?
10
Calculate the remainder when 420 is divided by 47.
44
Calculate the remainder when 257 is divided by 87.
83
Calculate the remainder when 245 is divided by 21.
14
Calculate the remainder when 480 is divided by 21.
18
Calculate the remainder when 263 is divided by 7.
4
What is the remainder when 3467 is divided by 384?
11
What is the remainder when 221 is divided by 70?
11
What is the remainder when 1107 is divided by 187?
172
Calculate the remainder when 687 is divided by 13.
11
Calculate the remainder when 48893 is divided by 16.
13
What is the remainder when 1255 is divided by 239?
60
What is the remainder when 411 is divided by 40?
11
What is the remainder when 33108 is divided by 86?
84
Calculate the remainder when 193 is divided by 65.
63
What is the remainder when 199 is divided by 92?
15
Calculate the remainder when 1976 is divided by 93.
23
What is the remainder when 738 is divided by 148?
146
Calculate the remainder when 662 is divided by 13.
12
What is the remainder when 118 is divided by 21?
13
Calculate the remainder when 568 is divided by 15.
13
Calculate the remainder when 195 is divided by 20.
15
What is the remainder when 1089 is divided by 118?
27
What is the remainder when 1421 is divided by 472?
5
Calculate the remainder when 2298 is divided by 12.
6
Calculate the remainder when 561 is divided by 3.
0
What is the remainder when 315 is divided by 12?
3
Calculate the remainder when 8398 is divided by 100.
98
Calculate the remainder when 50 is divided by 33.
17
Calculate the remainder when 404 is divided by 34.
30
What is the remainder when 168 is divided by 55?
3
Calculate the remainder when 118 is divided by 63.
55
What is the remainder when 3695 is divided by 38?
9
Calculate the remainder when 429 is divided by 148.
133
Calculate the remainder when 60 is divided by 10.
0
What is the remainder when 62 is divided by 38?
24
Calculate the remainder when 57 is divided by 29.
28
Calculate th